- 4))
8
What is -720 + 709 + 3 + -26?
-34
Evaluate 6 + -6 + 17 + 52 + -55.
14
Evaluate (-4 + 5 - -5) + -6.
0
What is (-6 - -15 - 16) + -20 + 28 - 39?
-38
Calculate -35 + 18 + 10 + 0 + 9 - 41.
-39
What is the value of (12 - 3) + (267 - 274) + (-1 - 2)?
-1
What is (-39 - -26) + 5 + 2?
-6
What is the value of -11 + 7 + 2 + 3 + 1 - 9?
-7
What is the value of (3 - (-1 + -1)) + 8 + (-16 - -6)?
3
-12 + (-2 - (-22 + 6 - -14))
-12
8 - (-27 + 13 + 2 + 3)
17
Calculate 0 - 11 - (2 + -32).
19
Calculate (-13 - 3) + 14 + 10.
8
Evaluate -2 - (-2 + -11) - (-603 - -608).
6
What is the value of (-33 - -24) + 4 + -5 + 1?
-9
235 + -223 + 0 + -36
-24
27 - (4 - -3 - -2) - 7
11
-2 + (4 - -7) - 9
0
Evaluate 14 - 15 - (6 + 3 + -9).
-1
What is 19 - (25 + (3 - (-6 + 23)))?
8
10 - (1 - (-9 + -3))
-3
12 + (14 + 11 - 13)
24
Evaluate 31 + -35 + -24 - -28.
0
29 + 12 + -44 - ((-1 - -1) + -6)
3
Evaluate 20 - 0 - (6 + -9 + 13).
10
What is (33 - 16) + -4 - -3?
16
What is (81 - 73) + (-8 - 2) + 10 + 12?
20
What is the value of (6 - -9) + -12 + 8?
11
What is 5 + (-8 - (10 + -21 - -10))?
-2
What is the value of -3 + (21 - (21 + -17))?
14
What is the value of (12 - (10 + 24)) + 9 - 6?
-19
12 - (13 - (7 + 7))
13
Evaluate -1 + -11 + 4 - (-3 + -19).
14
Evaluate -2 + 0 - (4 - (5 + -5 + -2)).
-8
Evaluate (-6 + 0 - 18) + 12 + 45 + 0.
33
What is -7 + 3 + 7 + 17 + -4 + -7?
9
12 + -5 + 11 + -27
-9
-23 - (-27 + 21) - -20
3
What is the value of -5 + 9 + 5 + (-10 - -4) + -1?
2
What is the value of -3310 - -3344 - (-1 + 51)?
-16
(21 - 10 - 5) + 3
9
What is (5 - 0) + 11 - (9 + -6) - 0?
13
What is 26 - (0 - 2) - (158 - 148)?
18
What is 12 - (-24 + -23 + 45) - (1 - 3)?
16
-24 - ((-51 - -19) + 16)
-8
What is -14 + 0 - (-27 - (1 + 3))?
17
What is the value of 34 + (-20 - (-1 - 7)) + (-2 - -13)?
33
Evaluate 3 + -1 - (-178 + 172).
8
Evaluate 18 + -24 + 22 - (12 + 0).
4
What is 1 + -56 + 50 + (-2 - -12)?
5
What is the value of -3 - (-5 + -14 + 13)?
3
What is the value of 3 - (-5 - 4 - -13)?
-1
(-7 + (13 - 6) - -7 - 13) + -2
-8
Evaluate -17 + 5 + 22 - (14 + -5).
1
Evaluate 44 + (17 - (52 - 13)).
22
27 - (29 - (-2 + 16))
12
Evaluate 5 + -49 + (-3 - -16).
-31
Evaluate 6 - 16 - (-10 + 16) - 0.
-16
What is 1339 + -1340 + -9 + 1 + 0 + 0?
-9
What is the value of 98 - 67 - (57 - 1)?
-25
What is 0 - -12 - (37 - 18)?
-7
Calculate (4 + -5 - 17) + 4 + (-11 - -11).
-14
Evaluate -1 + 32 + -11 + 1 + 3 + 4.
28
37 - 1 - 17 - (3 + 8)
8
(6 - (13 - 10)) + 0 + 1 + -2
2
(3 - 0) + -32 + (-10 + 24 - 0)
-15
Evaluate 11 + -5 - (-30 + 44 - (1 - 5)).
-12
25 - 31 - ((2 - 4) + 2 - 3)
-3
What is (-3 - (-3 + 0 + -2)) + (17 - 21)?
-2
What is 10 - (45 + (-2 - 16))?
-17
Calculate 4 + -2 - (-16 + (-19 - -39)).
-2
What is the value of (8 - -3 - 5) + 0 + 1 - -6?
13
Calculate (-5 - 0) + (9 - 14) + 11.
1
What is the value of 4 - (5 - ((-3 - 0) + -1) - 9)?
4
(-3 - (-10 + 16 - 1)) + 8
0
Calculate (-43 - (5 - 11)) + (34 - 19).
-22
Evaluate (-1 - 4 - 3) + (180 - 175).
-3
What is 3 + -14 + 4 - -27?
20
What is the value of -7 + 1 + (154 + -175 - (-7 - 1))?
-19
Evaluate -25 + ((2 - -1) + -12 - -13).
-21
Evaluate (878 - 911) + 4 + -1.
-30
What is the value of 46 - 21 - 20 - (1 - -1) - -9?
12
Calculate 5 + -2 + 2 + -2 + -92 + 88.
-1
12 - (-7 + (-19 + 17 - -16))
5
(35 + -38 - -22) + -10
9
Calculate -2 + 0 + (-3 - -1) + (2 - 0).
-2
Calculate -8 + 20 - (10 + -13 + 3).
12
-261 + 239 + (20 - 1)
-3
Calculate -22 + (2 - -9) + 11.
0
Evaluate 33 + -39 - (-24 + 29 + -6 + 1).
-6
(1 - -26) + (426 - 472)
-19
Calculate 40 - 24 - (0 + 0).
16
Calculate (-21 - 47) + 50 + (1 - -1) + -1.
-17
Calculate 8 + 6 - (29 + 5).
-20
(238 - 230) + -23 + -2
-17
What is -16 + -22 + 7 + 2 + 7?
-22
Calculate -234 - -194 - (-21 + -1).
-18
What is -13 - -1 - 4 - (-3 - 1 - 1)?
-11
What is the value of -6 + -1 + 5 + -13 + 0?
-15
What is (16 - (26 - 9)) + (16 - 1)?
14
What is the value of 1 - 20 - (11 + 15 + (-25 - -1))?
-21
Calculate 0 + 0 + (-4 - (-63 + 35)).
24
What is -2 + -7 + -9 + -2 + 10?
-10
Evaluate 8 - ((0 - -15) + -9).
2
Evaluate 46 - (28 - (13 - 1)).
30
2 - (5 + -12 + 1 - 2)
10
Calculate (-60 - -58) + (2 - 0) + -18.
-18
What is 21 + (-6 - -1 - 7)?
9
What is 13 - (3 + -1 - (-6 - 14 - -16))?
7
What is (3 - -1) + (12 - 6) - (-2 + 5)?
7
320 - 314 - (16 + -1)
-9
What is the value of 13 + -35 + 12 + (-4 - -4)?
-10
-1 + 2 + -30 + 27 + -5
-7
-9 + 1 - (-15 + -4)
11
What is 3 + (2 + -6 - (31 + -26))?
-6
Evaluate (-2 - -2 - -23) + 0 + -11.
12
Calculate 4 + (-2 - 13) + 7 + (5 - 15).
-14
What is 2 + 10 - (55 + -57 + (7 - 2))?
9
Evaluate 8 - (-1 - -13) - -8.
4
What is 25 - (9 - ((-7 + -6 - -3) + 19))?
25
Calculate -3 - 8 - (-8 - -6).
-9
Evaluate -3 + 2 + -5 + (5 + 6 - 11).
-6
Calculate -2 + (8 - (-2 + 2 + -5 + 3)).
8
What is the value of 3 + -1 - (-121 - -124) - -13?
12
Calculate -26 + (-16 - (10 - 40)).
-12
-9 + (38 - 24) + 18
23
Calculate (-1 - -14 - (21 - -4)) + (6 - -1).
-5
Evaluate 10 - (56 + -25 + 6).
-27
Calculate -592 + 588 + (-4 + 0 - 0).
-8
Evaluate -23 + (-41 + 26 - -37).
-1
(18 - (22 + 1)) + (-2 - 6)
-13
Calculate (16 - (10 - 23)) + -35.
-6
Evaluate -11 - ((36 + -19 - -3) + (8 - -1)).
-40
-88 + 85 - (-3 + 10)
-10
What is the value of (-3 - (14 - 24)) + 5 + (1 - 5)?
8
-11 + 13 - (5 - (3 + -4))
-4
What is -4 + (5 - 3) - 4?
-6
What is the value of 102 - (36 - -62) - (1 + -1 - -26)?
-22
Evaluate 5 - (-15 + 7 - (-8 + 1) - -7).
-1
Evaluate -662 - -666 - (-1 + 28).
-23
What is 4 - (3 + 1 + 0 + -4)?
4
Evaluate -10 + 20 + -55 + (-1 + 2 - -9).
-35
Evaluate 2630 - 2666 - (0 - 1).
-35
Calculate -24 + 1 + 7 - (-12 - -8).
-12
-3 + -5 - (-25 - -20)
-3
What is (-7 + 8 - 1) + -3 + 4 + -3?
-2
Evaluate (-1 + 11 - 16) + (-15 - 2) + -1.
-24
15 - (1 + -2 + 2) - (1593 - 1591)
12
Calculate (-1 - -4 - (-26 - -5)) + (-6 - -8).
26
Calculate (-43 - -21) + 38 - 18.
-2
What is (6 - 2) + 0 + -9 + -6 + 8?
-3
(142 - 145) + (-1 - -3 - -26) + 2
27
Evaluate 7 - ((4 - 7) + 5 - -6).
-1
What is the value of -12 - (-35 - -23 - -12)?
-12
Evaluate 3 - -10 - (-16 + 16).
13
What is the value of 12 - (31 - 26 - 16)?
23
What is 0 - -1 - -17 - (66 - (121 - 62))?
11
What is the value of -2 + (9 + 2 - 8) - -6?
7
Calculate 3 - ((4 - 4) + (7 - -1 - 16)).
11
What is the value of (-11 - (17 - 32)) + -22 + -1?
-19
What is the value of 11 + (23 - 33) - (0 + -6)?
7
What is the value of 8 + 1 - (-24 + 13 + 11)?
9
What is the value of 3 + -21 + (17 - 5)?
-6
-13 + 25 + (13 - 7)
18
-4 - (-10 - -11 - (-1 + -12))
-18
What is -8 - -2 - -19 - 35?
-22
-13 + 2 - (4 - 14) - -27
26
What is the value of 18 + (-14 - 8) + 12?
8
What is the value of 0 + 11 + (79 - 78)?
12
What is -6 + -9 + 5 - -2 - -16?
8
Evaluate 11 - (-2 + (-7 - -5) - -3).
12
Evaluate -17 - (-49 - (-2 - 14)).
16
Evaluate 13 - (-23 + 53 + -8).
-9
Evaluate (-2 - -14) + -4 - 7 - -23.
24
-45 - ((0 - (-4 - -6)) + -14 - -5)
-34
Evaluate 7 + (-18 - -5) - (15 + -51).
30
What is (-16 - -21) + (0 - (8 - 2))?
-1
Calculate 4 + (66 - 56 - (1 - 0)).
13
What is -51 - (-63 - -20) - -41?
33
Evaluate -9 - -2 - (117 - 127).
3
Calculate (-13 - -35 - 29) + 11.
4
Evaluate -1 + 9 - (11 - (12 + (-10 - -13))).
12
1 + -11 + (-122 - -131)
-1
Evaluate 36 + (8 - 8 - -19 - 34).
21
What is the value of -11 - (44 - 29 - (14 - 0))?
-12
Calculate -23 - (-6 - -4) - (-1 - 1 - 0).
-19
What is (9 - 1) + -1 + -1 - (-129 - -122)?
13
What is the value of 12 - (-16 - (-25 - (-4 + 1)))?
6
-7 - (15 + -2 - 4 - (-2 - -15))
-3
Calculate -3 - (5 - ((-6 - -12) + 8)) - 14.
-8
What is -2 - (14 - (18 - -2)) - -4?
8
Calculate (22 - 1) + -1 - (69 + -34 - 28).
13
What is the value of (3 - -28 - 30) + 15?
16
Calculate 10 - (3 - (-11 + 7)).
3
(-5 - -4) + -2 + 10 - -2
9
Evaluate 4 + ((16 - -15) + -16 - 35).
-16
What is -5 + -4 - -11 - ((-6 - -3) + -4)?
9
1 + (8 - 11 - (-4 + -9))
11
1 + 4 + 0 + (34 - 37) - -4
6
Calculate -15 + (3 - -4 - (36 + -37)).
-7
(1 - (38 - 12 - 18)) + -22
-29
What is 4 + -7 + (1 - -1) + -11 + -2?
-14
Evaluate 6 + -6 + (-4 + -2 - -14).
8
What is -16 + (-3 - -11 - (-1 - -7 - 2))?
-12
What is the value of (15 - 14) + (-3 - -18) + 8 + -6?
18
Evaluate 7 - 11 - (-15 - ((-6 - -4) + -3)).
6
Calculate 0 - 21 - (0 + 3 + (-47 - -46)).
-23
-72 - -66 - (1 + 4)
-11
What is 12 + 1 + -13 + -8?
-8
Evaluate 6 - (-2 + 0 + -1 - (-325 - -337)).
21
What is the value of 4 - (-8 + 5 - (2 - 3) - -10)?
-4
Calculate 4 + 0 + 3 + -19.
-12
W